{"id":830,"date":"2022-02-17T16:41:01","date_gmt":"2022-02-17T15:41:01","guid":{"rendered":"https:\/\/muller-mandle.cz\/?page_id=830"},"modified":"2022-02-17T17:01:33","modified_gmt":"2022-02-17T16:01:33","slug":"uvod","status":"publish","type":"page","link":"https:\/\/muller-mandle.cz\/","title":{"rendered":"\u00davod"},"content":{"rendered":"\t\t<div data-elementor-type=\"wp-page\" data-elementor-id=\"830\" class=\"elementor elementor-830\" data-elementor-post-type=\"page\">\n\t\t\t\t\t\t<section class=\"elementor-section elementor-top-section elementor-element elementor-element-a90eda1 animated-slow elementor-section-boxed elementor-section-height-default elementor-section-height-default elementor-invisible\" data-id=\"a90eda1\" data-element_type=\"section\" data-e-type=\"section\" data-settings=\"{&quot;animation&quot;:&quot;fadeIn&quot;}\">\n\t\t\t\t\t\t<div class=\"elementor-container elementor-column-gap-default\">\n\t\t\t\t\t<div class=\"elementor-column elementor-col-50 elementor-top-column elementor-element elementor-element-9a7c302\" data-id=\"9a7c302\" data-element_type=\"column\" data-e-type=\"column\">\n\t\t\t<div class=\"elementor-widget-wrap elementor-element-populated\">\n\t\t\t\t\t\t<div class=\"elementor-element elementor-element-bcf8900 elementor-invisible elementor-widget elementor-widget-image\" data-id=\"bcf8900\" data-element_type=\"widget\" data-e-type=\"widget\" data-settings=\"{&quot;_animation&quot;:&quot;fadeInLeft&quot;}\" data-widget_type=\"image.default\">\n\t\t\t\t<div class=\"elementor-widget-container\">\n\t\t\t\t\t\t\t\t\t\t\t\t\t\t\t<img fetchpriority=\"high\" decoding=\"async\" width=\"750\" height=\"422\" src=\"https:\/\/muller-mandle.cz\/wp-content\/uploads\/2021\/09\/DSC_4145-pc.jpg\" class=\"attachment-large size-large wp-image-498\" alt=\"\" srcset=\"https:\/\/muller-mandle.cz\/wp-content\/uploads\/2021\/09\/DSC_4145-pc.jpg 800w, https:\/\/muller-mandle.cz\/wp-content\/uploads\/2021\/09\/DSC_4145-pc-300x169.jpg 300w, https:\/\/muller-mandle.cz\/wp-content\/uploads\/2021\/09\/DSC_4145-pc-768x432.jpg 768w\" sizes=\"(max-width: 750px) 100vw, 750px\" \/>\t\t\t\t\t\t\t\t\t\t\t\t\t\t\t<\/div>\n\t\t\t\t<\/div>\n\t\t\t\t\t<\/div>\n\t\t<\/div>\n\t\t\t\t<div class=\"elementor-column elementor-col-50 elementor-top-column elementor-element elementor-element-7bbd949\" data-id=\"7bbd949\" data-element_type=\"column\" data-e-type=\"column\">\n\t\t\t<div class=\"elementor-widget-wrap elementor-element-populated\">\n\t\t\t\t\t\t<section class=\"elementor-section elementor-inner-section elementor-element elementor-element-df4d122 elementor-section-boxed elementor-section-height-default elementor-section-height-default\" data-id=\"df4d122\" data-element_type=\"section\" data-e-type=\"section\">\n\t\t\t\t\t\t<div class=\"elementor-container elementor-column-gap-default\">\n\t\t\t\t\t<div class=\"elementor-column elementor-col-50 elementor-inner-column elementor-element elementor-element-38df847\" data-id=\"38df847\" data-element_type=\"column\" data-e-type=\"column\">\n\t\t\t<div class=\"elementor-widget-wrap elementor-element-populated\">\n\t\t\t\t\t\t<div class=\"elementor-element elementor-element-736f62a elementor-widget elementor-widget-heading\" data-id=\"736f62a\" data-element_type=\"widget\" data-e-type=\"widget\" data-widget_type=\"heading.default\">\n\t\t\t\t<div class=\"elementor-widget-container\">\n\t\t\t\t\t<h2 class=\"elementor-heading-title elementor-size-default\">Mandle, kter\u00e9 si zamilujete<\/h2>\t\t\t\t<\/div>\n\t\t\t\t<\/div>\n\t\t\t\t\t<\/div>\n\t\t<\/div>\n\t\t\t\t<div class=\"elementor-column elementor-col-50 elementor-inner-column elementor-element elementor-element-83d666c\" data-id=\"83d666c\" data-element_type=\"column\" data-e-type=\"column\">\n\t\t\t<div class=\"elementor-widget-wrap\">\n\t\t\t\t\t\t\t<\/div>\n\t\t<\/div>\n\t\t\t\t\t<\/div>\n\t\t<\/section>\n\t\t\t\t<section class=\"elementor-section elementor-inner-section elementor-element elementor-element-8517c23 elementor-section-boxed elementor-section-height-default elementor-section-height-default\" data-id=\"8517c23\" data-element_type=\"section\" data-e-type=\"section\">\n\t\t\t\t\t\t<div class=\"elementor-container elementor-column-gap-default\">\n\t\t\t\t\t<div class=\"elementor-column elementor-col-50 elementor-inner-column elementor-element elementor-element-7cdcdfc\" data-id=\"7cdcdfc\" data-element_type=\"column\" data-e-type=\"column\">\n\t\t\t<div class=\"elementor-widget-wrap elementor-element-populated\">\n\t\t\t\t\t\t<div class=\"elementor-element elementor-element-4c4ea97 elementor-widget elementor-widget-text-editor\" data-id=\"4c4ea97\" data-element_type=\"widget\" data-e-type=\"widget\" data-widget_type=\"text-editor.default\">\n\t\t\t\t<div class=\"elementor-widget-container\">\n\t\t\t\t\t\t\t\t\t<p>Pra\u017een\u00e9 solen\u00e9 loupan\u00e9 mandle, to jsou pr\u00e1v\u011b ty mandle, kter\u00e9 si zamilujete\u2026 Mandle jsou p\u016fvodem z USA. Mandle pra\u017e\u00edm a p\u0159ipravuji k prodeji j\u00e1 s\u00e1m. Jsou bez jedin\u00e9 kapky oleje a pokr\u00fdv\u00e1 je hrubozrnn\u00e1 s\u016fl, kter\u00e1 na mandl\u00edch tvo\u0159\u00ed jedine\u010dn\u00e9 krystalky, a proto jsou mandle tak jedine\u010dn\u00e9.\u00a0\u00a0<\/p><p>Nevytv\u00e1\u0159\u00edm si skladovou z\u00e1sobu \u2013 Mandle dod\u00e1v\u00e1m v\u017edy \u010cERSTV\u011a pra\u017een\u00e9. Sta\u010d\u00ed jen objednat!<\/p>\t\t\t\t\t\t\t\t<\/div>\n\t\t\t\t<\/div>\n\t\t\t\t\t<\/div>\n\t\t<\/div>\n\t\t\t\t<div class=\"elementor-column elementor-col-50 elementor-inner-column elementor-element elementor-element-3717419\" data-id=\"3717419\" data-element_type=\"column\" data-e-type=\"column\">\n\t\t\t<div class=\"elementor-widget-wrap\">\n\t\t\t\t\t\t\t<\/div>\n\t\t<\/div>\n\t\t\t\t\t<\/div>\n\t\t<\/section>\n\t\t\t\t\t<\/div>\n\t\t<\/div>\n\t\t\t\t\t<\/div>\n\t\t<\/section>\n\t\t\t\t<\/div>\n\t\t","protected":false},"excerpt":{"rendered":"<p>Mandle, kter\u00e9 si zamilujete Pra\u017een\u00e9 solen\u00e9 loupan\u00e9 mandle, to jsou pr\u00e1v\u011b ty mandle, kter\u00e9 si zamilujete\u2026 Mandle jsou p\u016fvodem z USA. Mandle pra\u017e\u00edm a p\u0159ipravuji k prodeji j\u00e1 s\u00e1m. Jsou bez jedin\u00e9 kapky oleje a pokr\u00fdv\u00e1 je hrubozrnn\u00e1 s\u016fl, kter\u00e1 na mandl\u00edch tvo\u0159\u00ed jedine\u010dn\u00e9 krystalky, a proto jsou mandle tak [&hellip;]<\/p>\n","protected":false},"author":2,"featured_media":0,"parent":0,"menu_order":0,"comment_status":"closed","ping_status":"closed","template":"page-templates\/template-pagebuilder-full-width.php","meta":{"footnotes":""},"class_list":["post-830","page","type-page","status-publish","hentry"],"_links":{"self":[{"href":"https:\/\/muller-mandle.cz\/index.php?rest_route=\/wp\/v2\/pages\/830","targetHints":{"allow":["GET"]}}],"collection":[{"href":"https:\/\/muller-mandle.cz\/index.php?rest_route=\/wp\/v2\/pages"}],"about":[{"href":"https:\/\/muller-mandle.cz\/index.php?rest_route=\/wp\/v2\/types\/page"}],"author":[{"embeddable":true,"href":"https:\/\/muller-mandle.cz\/index.php?rest_route=\/wp\/v2\/users\/2"}],"replies":[{"embeddable":true,"href":"https:\/\/muller-mandle.cz\/index.php?rest_route=%2Fwp%2Fv2%2Fcomments&post=830"}],"version-history":[{"count":7,"href":"https:\/\/muller-mandle.cz\/index.php?rest_route=\/wp\/v2\/pages\/830\/revisions"}],"predecessor-version":[{"id":837,"href":"https:\/\/muller-mandle.cz\/index.php?rest_route=\/wp\/v2\/pages\/830\/revisions\/837"}],"wp:attachment":[{"href":"https:\/\/muller-mandle.cz\/index.php?rest_route=%2Fwp%2Fv2%2Fmedia&parent=830"}],"curies":[{"name":"wp","href":"https:\/\/api.w.org\/{rel}","templated":true}]}}